26171*i + 130032. Determine s(-5).
-823
Let y(m) = -10*m**3 + 57*m**2 - 44*m - 14. Give y(1).
-11
Let b(a) = -a**3 - 18*a**2 - a + 318. Determine b(-17).
46
Let s(a) = -4*a**3 + 330*a**2 + 4*a + 13386. Calculate s(83).
-60
Let n(y) = -112*y + 1175. What is n(13)?
-281
Let u(w) = -1138*w**2 - 178*w - 178. Determine u(-1).
-1138
Let h(i) = 5397*i + 1387039. What is h(-257)?
10
Let g(a) = 2*a**3 - 166*a**2 + 899*a - 493. Give g(5).
102
Let v(l) = 11*l**2 - 330*l + 2091. Calculate v(9).
12
Let a(v) = v**3 + 9*v**2 - v - 243. Calculate a(-11).
-474
Let y(j) = 7010*j - 1822765. What is y(260)?
-165
Let w(t) = t**3 - 182*t**2 - 9*t - 804. Determine w(182).
-2442
Let k(m) = -836*m + 21774. Give k(26).
38
Let f(m) = 18*m**3 - 546*m**2 - 1586*m + 93. Determine f(33).
27
Let l(d) = -d**3 + 25*d**2 - 145*d + 2922. Calculate l(24).
18
Let r(s) = -s**3 - 28*s**2 + 249*s + 964. Determine r(-3).
-8
Let v(p) = p**2 + 272*p + 17011. Give v(-96).
115
Let c(y) = -151*y**2 + 9049*y + 604. What is c(60)?
-56
Let l(h) = h**3 + 559*h**2 + 676*h + 65840. Determine l(-558).
-4
Let t(q) = -18*q**3 + 27*q**2 - 18*q + 305. Give t(6).
-2719
Let v(f) = 27*f**2 + 34*f + 20. Give v(-2).
60
Let w(v) = 25987*v - 363807. Determine w(14).
11
Let b(z) = -5849*z - 251514. Calculate b(-43).
-7
Let o(d) = d**3 + 22*d**2 + 96*d - 230. Calculate o(-13).
43
Let p(w) = -27*w**3 + 122*w**2 - 98*w + 8. Give p(4).
-160
Let h(m) = 3*m**3 - 12*m**2 - 1020*m + 2077. Calculate h(2).
13
Let n(h) = -136*h - 16350. Calculate n(-108).
-1662
Let a(q) = -q**3 - 2*q**2 + 8*q + 866. Determine a(0).
866
Let b(t) = -109024*t + 654152. Give b(6).
8
Let d(c) = -c**3 + 18*c**2 - 3463*c + 10252. Calculate d(3).
-2
Let j(k) = 2*k**3 - 4*k**2 + 16*k + 80. Determine j(-2).
16
Let f(s) = -3553*s + 390824. Determine f(110).
-6
Let d(j) = -21*j**2 + 12948*j + 5547. Determine d(617).
-6
Let x(c) = 3*c**3 + 27*c**2 - 103*c - 30. What is x(-11)?
377
Let u(v) = -978*v**2 - 60635*v + 91. Determine u(-62).
29
Let v(y) = 3*y**3 - 50*y**2 - 58*y + 822. What is v(18)?
1074
Let k(q) = -26*q**3 - 3120*q**2 - 4*q - 440. Calculate k(-120).
40
Let l(x) = 168005*x + 1511981. Give l(-9).
-64
Let c(h) = 121*h - 1374. Determine c(13).
199
Let w(c) = 86*c**3 - 134244*c**2 - 3117*c - 7815. Calculate w(1561).
-10
Let c(b) = -180393*b + 6494140. Calculate c(36).
-8
Let m(c) = 16649*c - 149725. Determine m(9).
116
Let u(c) = -459*c**2 + 7038*c + 32. What is u(15)?
2327
Let w(x) = 5*x**2 - 1526*x + 17918. What is w(293)?
45
Let t(n) = -n**3 + 138*n**2 + 333*n - 26857. What is t(139)?
109
Let u(x) = -x**3 - 50*x**2 + 1166*x + 1932. Give u(-67).
123
Let m(u) = 2008*u - 20068. Determine m(10).
12
Let m(n) = -589*n**2 - 1004257*n - 20454. What is m(-1705)?
6
Let w(g) = -16*g**3 - 718*g**2 + 85*g - 207. Calculate w(-45).
18
Let g(q) = q**2 - 96*q + 3871. What is g(0)?
3871
Let f(s) = 2*s**3 - 154*s**2 + 6*s + 10110. What is f(76)?
-986
Let z(f) = 15*f**3 + 73*f**2 + f - 1. What is z(-5)?
-56
Let j(t) = 15*t**2 + 769*t + 81. What is j(-51)?
-123
Let u(r) = -r**2 - 480*r + 108043. Give u(167).
-6
Let u(t) = 757*t**2 + 9816*t - 320. What is u(-13)?
5
Let u(o) = -o**2 - 1974*o + 50087. Give u(25).
112
Let n(t) = -t**2 + 80895*t + 889972. Determine n(-11).
6
Let p(g) = 1426*g + 693034. Determine p(-486).
-2
Let o(y) = -5*y**3 + 33*y**2 - 3*y - 15. Give o(6).
75
Let g(y) = -2041*y - 35544. Calculate g(-18).
1194
Let v(d) = 555*d + 8348. Give v(-15).
23
Let s(r) = r**3 + 21*r**2 - 216*r - 3260. Determine s(-24).
196
Let y(d) = -d**2 + 56*d + 345. What is y(-6)?
-27
Let q(u) = -29160*u - 204099. What is q(-7)?
21
Let t(d) = 26*d**2 - 972*d + 112. Determine t(35).
-2058
Let y(w) = -663*w + 10649. Give y(16).
41
Let n(w) = -3*w**2 + 140*w + 1205. Calculate n(59).
-978
Let c(w) = 3*w**2 + 117*w - 205. What is c(2)?
41
Let n(w) = w**2 - 52*w - 1348. Determine n(-21).
185
Let a(y) = y**3 + 33*y**2 - 3598*y - 91547. Determine a(-24).
-11
Let k(a) = a**2 + 90*a - 393. Calculate k(-97).
286
Let d(i) = -13*i**3 + 19*i**2 - 20*i - 30. Determine d(5).
-1280
Let x(d) = -d**2 + 269*d + 22132. Determine x(335).
22
Let y(o) = -446*o**2 + 3913*o + 910. Determine y(9).
1
Let r(i) = -i**3 + 8*i**2 + 16*i - 38. What is r(11)?
-225
Let i(l) = 2176*l + 8097. Give i(-4).
-607
Let x(q) = -q**3 - 44*q**2 - 21*q + 2748. Determine x(-42).
102
Let h(o) = 38398*o - 844750. Determine h(22).
6
Let x(i) = -3*i**3 - 1292*i**2 + 2998*i - 14332. Give x(-433).
-43
Let t(l) = 182*l + 1180. What is t(-7)?
-94
Let o(j) = j**3 - 136*j**2 - 230*j + 12749. Determine o(137).
8
Let g(h) = -h**2 + 32*h + 4217. Calculate g(97).
-2088
Let w(f) = -2*f**3 + 278*f**2 + 936*f - 91856. Calculate w(140).
-16
Let n(x) = 4*x**3 + 46*x**2 + 47*x + 241. Determine n(-11).
-34
Let s(w) = 2*w**3 + 582*w**2 + 7222*w - 1686. What is s(-278)?
-18
Let a(k) = 57*k**2 - 342*k + 26. Calculate a(6).
26
Let x(l) = 86*l + 1401. Determine x(-18).
-147
Let s(l) = -10*l**3 - 36*l**2 + 216*l - 210. Calculate s(4).
-562
Let a(i) = 8*i**3 + 921*i**2 + 112*i - 590. Give a(-115).
-245
Let r(u) = u**2 - 4274*u - 304255. Give r(-70).
-175
Let y(o) = -132*o - 14627. Calculate y(-111).
25
Let a(h) = 5650*h + 96066. Calculate a(-17).
16
Let l(c) = 1879*c + 1595. Calculate l(-1).
-284
Let a(x) = 93*x - 8969. Calculate a(96).
-41
Let g(y) = -8*y**3 + 718*y**2 + 208*y - 2523. Give g(90).
-3
Let a(k) = 104*k**2 + 3872*k + 6. What is a(0)?
6
Let v(y) = -21111*y + 147762. What is v(7)?
-15
Let s(i) = 9*i**3 - 620*i**2 - 97*i + 1988. Determine s(69).
56
Let p(m) = -104*m**2 + 28075*m + 1333. Give p(270).
-17
Let j(f) = 5651*f + 22614. Determine j(-4).
10
Let m(l) = 13*l**2 + 5947*l - 3205. Determine m(-458).
1
Let f(v) = -5*v**3 - 268*v**2 - 157*v + 160. Calculate f(-53).
54
Let f(j) = -2*j**2 - 10211*j - 254019. Give f(-25).
6
Let r(l) = -3*l**3 + 143*l**2 + 46*l - 38. Give r(48).
-134
Let z(k) = 7*k**3 + 57*k**2 - 41*k - 397. Determine z(-8).
-5
Let k(j) = 6101*j + 18828. Determine k(-3).
525
Let b(p) = 18*p**2 - 42380*p - 84767. Determine b(-2).
65
Let b(s) = -295*s**2 - 142778*s + 957. Give b(-484).
-11
Let d(f) = 53*f**2 + 2102*f + 1355. Give d(-39).
-10
Let f(o) = -4433*o**2 - 84250*o - 450. What is f(-19)?
-13
Let s(v) = 11*v**3 + 3247*v**2 + 603*v + 3845. Calculate s(-295).
10
Let k(d) = d**3 - 7*d**2 + 1219*d + 7617. Determine k(-6).
-165
Let w(r) = 7*r**3 - 22*r**2 - 38*r + 6. Calculate w(5).
141
Let s(v) = -25*v**2 + 2516*v + 3489. Calculate s(102).
21
Let w(g) = g**2 - 287*g - 10139. Calculate w(-31).
-281
Let k(f) = 6*f**3 + 44*f**2 - 590*f - 4452. Determine k(-8).
12
Let d(g) = 2*g**2 - 500*g + 30820. Determine d(140).
20
Let o(h) = h**3 - 271*h**2 + 11553*h + 58. What is o(53)?
5
Let h(i) = 33165*i + 99488. Determine h(-3).
-7
Let h(p) = -199041*p + 27865742. Determine h(140).
2
Let v(g) = -536*g**3 - 6*g**2 - g. What is v(-1)?
531
Let h(k) = 879*k - 92268. What is h(103)?
-1731
Let b(w) = -2*w**3 - 415*w**2 - 51*w - 53868. Determine b(-208).
4
Let d(b) = 2812*b + 777. What is d(1)?
3589
Let f(s) = 1316*s**2 - 194767*s - 92. Give f(148).
56
Let d(h) = 2*h**2 - 7621*h - 60991. Calculate d(-8).
105
Let i(a) = -2*a**3 - 35*a**2 + 99*a - 27. What is i(-20)?
-7
Let l(w) = w**3 - 11*w**2 - 154*w - 6000. Give l(26).
136
Let f(c) = -2*c**2 + 160*c + 20128. Determine f(-68).
0
Let a(v) = -1906*v**2 - 113*v - 111. Give a(-1).
-1904
Let i(u) = -5*u**2 - 2073*u + 73882. Determine i(33).
28
Let h(a) = 480*a**2 - 301*a + 26. Calculate h(2).
1344
Let z(x) = -95*x**2 + 2153*x + 3103. What is z(24)?
55
Let r(d) = 236*d**2 - 10857*d - 303. Determine r(46).
-349
Let i(c) = -48518*c + 242576. Determine i(5).
-14
Let z(q) = 3054*q - 8967. Give z(3).
195
Let x(t) = 2*t**3 - 278*t**2 + 817*t - 227. Determine x(136).
-91
Let i(m) = 1038*m + 35507. Determine i(-34).
215
Let g(p) = -26*p**2 + 441*p - 1298. Calculate g(16).
-898
Let y(u) = -206*u**2 - 7621*u - 40. What is y(-37)?
-77
Let y(c) = -1903*c**2 - 53282*c + 52. Determine y(-28).
-4
Let f(c) = 8710*c + 4912440. What is f(-564)?
0
Let y(r) = -409973*r + 25008357. Calculate y(61).
4
Let s(q) = -q**3 - 6*q**2 + 200*q + 1339. Determine s(-7).
-12
Let k(b) = 38695*b - 10370256. Give k(268).
4
Let d(m) = 739*m + 255123. Determine d(-344).
907
Let x(d) = -238*d**2 + 457*d + 72. Give x(2).
34
